Let z = t + -24. What is the greatest common factor of k and z?
10
Suppose 3*y = -149 + 35. Let z = y + 48. Calculate the greatest common divisor of z and 65.
5
Suppose -26*k - 31277 = -11205. Let r = -734 - k. Calculate the greatest common divisor of r and 247.
19
Suppose 0 = 3*v + 22 - 82. Suppose -2*d - 12 = 5*s - 176, -6*s + 4*d = -152. Calculate the highest common divisor of s and v.
10
Suppose 31*d + 144 = 13*d. Let a be (-171)/d - (-3)/(-8). Calculate the highest common divisor of 525 and a.
21
Let m(f) = 61*f - 26. Suppose -23 = -12*c - 11. Let j be m(c). What is the highest common factor of j and 84?
7
Suppose 25*a = 3*m + 24*a - 654, 3*a - 425 = -2*m. Suppose 4*r + 10*s - 476 = 5*s, -4*r + 2*s = -504. What is the highest common divisor of m and r?
31
Suppose -8*m + 35 = -213. Suppose -m*a = -33*a + 24. Let d be 4/((-120)/(-18)) - a/(-5). Calculate the greatest common divisor of 33 and d.
3
Let g(b) = -b**3 - 2*b + 174. Let c be g(0). Let n = 369 - c. Calculate the greatest common factor of 15 and n.
15
Let q(s) = -3*s**3 + 5*s + 1. Let j be q(-5). Let i be -50 + (-440)/(-22) - -108. What is the highest common divisor of j and i?
39
Suppose -26*h + 221 = -62 - 601. Calculate the highest common factor of h and 187.
17
Let d be ((11 - 6) + -11)*4/(-3). Suppose 4*v - d = 2*n, -3*v + 20 = n + n. Calculate the highest common factor of n and 6.
2
Let o(t) = -t**3 - 19*t**2 + 84*t - 29. Let u be o(-24). Calculate the highest common divisor of u and 5.
5
Let u(g) = 23*g - 385. Let v be u(18). Calculate the greatest common divisor of v and 5.
1
Suppose -y + 80 = 5*g - 8*g, 14*g + 124 = y. What is the highest common factor of y and 20?
4
Let v = 6429 - 6123. Calculate the greatest common divisor of v and 6579.
153
Suppose 4*h + d = -h + 23595, -3*h + 14157 = -5*d. What is the greatest common factor of 39 and h?
39
Let h = 20535 - 20531. Let a be (2/(-4))/((-3)/24). Suppose -a*u + 65 = -63. What is the highest common factor of h and u?
4
Suppose -210 + 42 = -4*o. Suppose 3*q = 5*c + 55, q + 38 = 3*q - 4*c. Suppose -a = 3, 3*a - q - 4 = -2*i. What is the greatest common factor of o and i?
14
Let u be (806/(-93))/(28/(-546)). Calculate the highest common divisor of 3 and u.
1
Suppose -5*h = -4*h. Suppose 5*s + h*s = 340. Suppose 249*f + 173 - 363 = 4043. What is the highest common factor of f and s?
17
Let c = -9926 + 10225. What is the greatest common factor of c and 69?
23
Suppose 0 = -3*t + 6, 151 = 3*x - 2*t - 73. Suppose -2*m + x - 60 = 0. Let z(o) = -103*o + 1. Let v be z(-1). What is the greatest common factor of m and v?
8
Let k be (1 + 28)*(-11)/(-1). Let r = 134798 - 134787. Calculate the greatest common factor of k and r.
11
Let q = -4009 - -4369. Calculate the greatest common factor of q and 1215.
45
Let g be (-81)/(-7) + (-6)/(-14). Suppose 1416 - 1404 = 4*a. What is the greatest common factor of g and a?
3
Suppose -68 = -3*w + 3*t - 17, -4*t + 58 = 3*w. What is the greatest common divisor of 8334 and w?
18
Let u = 1855 - 1206. What is the highest common divisor of 118 and u?
59
Suppose 32*g - 11*g = 1743. Suppose -2*h + 2*i + g = -79, 0 = h + 3*i - 69. What is the highest common factor of 208 and h?
26
Let h(d) = 54*d + 3310. Let n be h(-61). What is the highest common divisor of 9608 and n?
8
Let t(f) = 3*f**2 - 89*f + 894. Let q be t(14). What is the highest common divisor of q and 8?
4
Let p = 8059 - 8007. Let l = -7 - -27. Calculate the greatest common divisor of l and p.
4
Suppose -39 = -5*q + 109 + 582. Calculate the highest common factor of 803 and q.
73
Let v = -3003 + 3093. Calculate the highest common factor of 32715 and v.
45
Let l = -205 + 220. Suppose -2*y = 4*h - 384, 3*h = -2*h - l. What is the greatest common divisor of 36 and y?
18
Suppose -46 = 726*w - 749*w. Calculate the greatest common divisor of 738 and w.
2
Suppose -54*s = -56*s + 4. Let r(t) = 46*t - 92*t - 5 + t**s + 48*t. Let o be r(11). Calculate the highest common factor of 46 and o.
46
Suppose 142*m - 216 = 136*m. Calculate the highest common divisor of 9459 and m.
9
Suppose 393*q = 390*q + 18. Suppose p + 2*p = -63. Let w be (p/28)/((-1)/12). Calculate the greatest common divisor of w and q.
3
Suppose -3*b - 384 = -3*f, 0*b = 4*f - 3*b - 509. Let t be 0 + 7 - (-36 - 8) - 1. What is the greatest common factor of t and f?
25
Let o(p) = -7*p + 1. Let h be o(-5). Let u be 16 + 130/(-8) - 37/(-4). What is the greatest common divisor of h and u?
9
Suppose 1 = g, -158 = -2*u - 2*g + 168. What is the greatest common factor of 24 and u?
6
Let h be (-20)/35*14/(-4). Let v be 2 - h*-2*2/4. Suppose -v*r + 288 = -3*b, -5*r + 394 - 57 = 2*b. What is the highest common divisor of 23 and r?
23
Suppose 18*u = 5*u + 26. Suppose f - 29 + u = -y, 2*f - 49 = 3*y. What is the highest common factor of 2 and f?
2
Let x(n) = 4*n**2 - 122*n + 1005. Let k be x(13). What is the greatest common factor of 703 and k?
19
Let y(g) = 19*g**2 - 5*g + 4. Let l be y(4). Let p be (-10)/560*-16 + (-5372)/(-14) + 0. Calculate the highest common factor of l and p.
96
Suppose 4*a - 30371 = -5*m, 2*a + 11*m - 15178 = 7*m. Calculate the greatest common divisor of 149 and a.
149
Suppose -4*n = 34*y - 36*y - 3434, 4305 = 5*n - 5*y. What is the highest common divisor of 40 and n?
8
Let y = -2705 - -2750. What is the highest common divisor of 1179 and y?
9
Let y be (-1)/2 + (-2 - (-2380)/(-8)). Let n = 315 + y. What is the highest common factor of 195 and n?
15
Let p be 6/(-8) + (-1175)/(-100). What is the highest common factor of p and 20977?
11
Suppose -22*a + 140 = -10*a + 23*a. Suppose 3*n - 125 = 97. What is the highest common factor of n and a?
2
Suppose 9*z + 180 = -0*z. Let w = z + 90. Let t be 29 - (-1)/(2 + -3). What is the greatest common factor of t and w?
14
Suppose 96 = 25*q - 17*q. Suppose 18*y - 852 = q*y. Let n be (y - 7)*(4/(-2))/(-2). Calculate the highest common factor of n and 27.
27
Let q = 625 + -348. Suppose 11*h + 2*x - 222 = 7*h, 5*h = -2*x + q. Calculate the highest common divisor of 33 and h.
11
Let x = 39 + -37. Suppose x*p - a - 10 - 14 = 0, 5*a = -2*p + 24. Calculate the greatest common factor of 44 and p.
4
Let o be (-1234)/(-2468) + 6/(-4)*(-82)/6. Let f be 0 + (48 - (0 - 1)). Calculate the greatest common factor of f and o.
7
Suppose 5*v = 9*v - 1138 - 7886. Calculate the highest common factor of 48 and v.
48
Let l be 255/25 + (-1)/5. Suppose 4*b - l*b + 18 = 0. Suppose 0*p - 174 = -5*p - 3*g, 93 = 3*p - 2*g. Calculate the greatest common divisor of p and b.
3
Suppose 0 = -5*c + 194 - 9. Let a = c + -88. Let u = a + 55. What is the greatest common divisor of 8 and u?
4
Let k(q) = 11*q + 7. Let i = -14 + 22. Let d be k(i). Let r = -78 + d. What is the highest common divisor of 51 and r?
17
Suppose -565*i + 525 = -550*i. Calculate the highest common divisor of 4795 and i.
35
Let f = 9139 + -2479. What is the highest common factor of f and 18?
18
Let j be ((-8)/(-6))/((-20)/(-60)). Let o(n) = -1 + 2 + j - 4 - n. Let s be o(-8). Calculate the highest common factor of s and 99.
9
Let t(y) = y**2 + 4*y - 10. Let j be t(-7). Let f be ((-21)/4)/(36/(-112))*(-66)/(-2). Calculate the highest common factor of j and f.
11
Let v(d) = -d**3 + 8*d**2 + 5*d - 12. Let o = 16 - 25. Let i(q) = -3*q - 21. Let a be i(o). Let p be v(a). Calculate the greatest common divisor of p and 18.
18
Let y = 4171 + -4155. What is the highest common factor of y and 976?
16
Let q = -1222 + 1228. Calculate the greatest common divisor of 7 and q.
1
Suppose 0 = -2*z + z - 3*t - 25, -3*z - 2*t = 47. Let b be z/((-676)/2800) + 6/39. Calculate the greatest common factor of 90 and b.
18
Let w(d) = -74*d + 3184. Let c be w(32). What is the greatest common factor of 1440 and c?
48
Let s(o) = 162*o**2 - 2*o + 1. Let t be s(1). Let f be (-3265)/(-13) + (-48)/312. Suppose -11*b + f + 2 = 0. Calculate the greatest common divisor of t and b.
23
Let x be 0 - -60 - (-510)/(-51). Suppose 11*u = 9*u + 30. What is the greatest common factor of x and u?
5
Let s be (48400/(-1452))/((8/(-6))/2). Calculate the greatest common factor of s and 190.
10
Let s be 2*-17 - 0/(-2). Let y be (-2601)/s + 1/(-2). Let k = y - 38. What is the greatest common factor of 152 and k?
38
Suppose 207*v - 204*v = -5*j + 452, 3*j - 2*v = 294